visor of v and b?
7
Let g be -2 - -1 - (-69)/(-6)*-2. What is the highest common divisor of 154 and g?
22
Suppose -2*a - 15 = -7*a. Calculate the highest common factor of 12 and a.
3
Suppose 0*s + 4*s - 168 = 0. What is the greatest common divisor of 21 and s?
21
Let c = 51 + -30. Calculate the highest common factor of c and 3.
3
Let i(h) be the first derivative of -3 - 9/2*h**2 + 0*h. Let p be i(-2). What is the greatest common factor of p and 9?
9
Let g(a) = -a + 9. Let q be g(0). Suppose -5*t + q = -61. Let i(o) = 2*o - 6. Let c be i(4). Calculate the greatest common factor of t and c.
2
Suppose 6*y - 82 = 4*y. Suppose -15 = -3*x + 4*w, 4*x = -2*w + y + 1. What is the greatest common divisor of x and 1?
1
Suppose 15 = -2*v + 5*v. Calculate the highest common factor of v and 5.
5
Suppose 8 = -2*c + 2*n + 54, -32 = -c + 4*n. Suppose -3*y + 240 = y. What is the highest common divisor of y and c?
20
Let y be (2/(-3)*12)/(-1 + 0). What is the greatest common factor of y and 8?
8
Let p be (-2)/(2/1)*0. Let t be 3 + p + 19 + 3. What is the highest common factor of t and 10?
5
Let u(f) = -14*f + 8 - f**3 - 7*f + 10*f**2 + 12*f. Let m be u(9). Suppose -6*w + 200 = -w. What is the highest common divisor of m and w?
8
Suppose 3*r = r + 4. Suppose -2*l = 2*n - 56, 5*n - 76 - 70 = -r*l. Let j be ((-22)/6)/((-2)/n). Calculate the greatest common divisor of 11 and j.
11
Suppose 2*p = -2*n + 10, 5 = 4*n + 3*p - 13. Calculate the highest common divisor of 15 and n.
3
Suppose 29*c + 630 = 34*c. What is the greatest common divisor of c and 84?
42
Suppose 16 = 5*h - 14. Let z be h/(-24) + (-42)/(-8). Calculate the greatest common divisor of 55 and z.
5
Let b = -7 - -12. Suppose b = -t - 1. Let h be 37/3 + 2/t. What is the highest common divisor of h and 48?
12
Suppose -n + 8 = -7. Let j(s) = -18*s - 6. Let i be j(-4). Suppose k - 9 = i. Calculate the highest common factor of n and k.
15
Let v(a) = -4*a + 2. Suppose -3 = w - 2. Let s be v(w). What is the highest common factor of 48 and s?
6
Let i(t) = 13*t + 5. Let g be i(4). Let b be (2 - g/15)*-5. Suppose -2*x + 86 = 4*k - 20, -5*k = 4*x - 131. What is the greatest common divisor of b and k?
9
Suppose 25 = -0*a + a. Suppose 0*t + t = 5. Calculate the highest common divisor of a and t.
5
Let z be (-2)/2 - (5 - 8). Suppose -z*c + 260 = 64. Calculate the greatest common factor of c and 14.
14
Let g(v) = 2*v**2 + 7*v - 2. Let a be g(-6). What is the highest common divisor of a and 7?
7
Let p(w) = -1 - 5*w + w**3 - 3*w**2 + 5 + 2. Let d be p(4). Calculate the highest common divisor of 1 and d.
1
Let z(o) = -7*o + 17. Let b be z(-7). Calculate the greatest common factor of 33 and b.
33
Let l be (-12)/(-2) - (-4)/2. Let i = 1 - -9. Let g be i/1 - (0 + 2). What is the highest common factor of g and l?
8
Let l(v) = -v**3 - 5*v**2 + 4*v. Let r = 23 + 7. Suppose -6*b = -b + r. Let i be l(b). What is the highest common divisor of 12 and i?
12
Suppose -5*f - l + 2624 - 757 = 0, 0 = 2*f - 5*l - 736. Suppose 3*k = 2*h - f, 4*k - 236 = -2*h + 116. Calculate the highest common factor of h and 26.
26
Let s(v) = -v**2 + 12*v - 15. Let x be s(10). Suppose x*u - 684 = u. What is the highest common divisor of 19 and u?
19
Let q(j) = 4*j - 5*j**2 - 5*j + 2 + 3*j + j**3. Let d = -8 - -13. Let c be q(d). Calculate the highest common factor of c and 108.
12
Let n = 21 + -20. Let z be (-51)/(-15) - (-4)/(-10). Suppose -n - z = -t. What is the highest common divisor of 6 and t?
2
Let h(r) = 5*r - 44. Let x be h(13). Calculate the greatest common factor of 42 and x.
21
Let h(g) = 9*g - 39. Let m be h(6). Calculate the greatest common divisor of 165 and m.
15
Suppose 0 = -3*h + r + 136, 4*h + 2 - 177 = -5*r. Calculate the highest common factor of h and 105.
15
Suppose 5*u - 42 = -z, 6*z - 2*z = -4*u + 200. Calculate the highest common factor of 26 and z.
26
Suppose -2*y - 9 = -y. Let l = -4 - y. Let i = l + -3. Calculate the highest common divisor of i and 16.
2
Suppose -2*w = -6*w + 44. Calculate the highest common divisor of w and 55.
11
Let k be 8/32 - 1/4. Suppose -70 = -t - k*t. Calculate the highest common divisor of 10 and t.
10
Suppose 4*v + 12 + 4 = 0. Let j be 128/9 + v/18. Let s = -8 + j. Calculate the greatest common factor of 24 and s.
6
Let l be (-1)/(-2) - 34/(-4). Let s(c) = -c**3 - 6*c**2 - 9*c - 9. Let b be s(-6). Calculate the greatest common divisor of l and b.
9
Suppose 4*i - 2*i = 24. What is the greatest common divisor of 8 and i?
4
Let f(h) = 8*h**2 - h. Let r be f(1). What is the greatest common divisor of r and 35?
7
Suppose -4*c = 2*a - 66, 2*c = -3*a + a + 32. Suppose b - 14 = -3*i + c, -52 = -4*i - 4*b. Let k = 30 + -21. Calculate the highest common divisor of i and k.
9
Suppose 2*s = -s. Suppose s = 4*n + n. Suppose -4*c + 35 + 49 = n. What is the greatest common divisor of c and 21?
21
Let b(o) = -o**3 - 15*o**2 - 18*o + 16. Let k be b(-14). Calculate the greatest common factor of 8 and k.
8
Suppose 101 + 76 = -3*d. Let g = d - -101. Calculate the greatest common divisor of 21 and g.
21
Let t be (((-48)/15)/2)/((-5)/50). What is the highest common factor of 40 and t?
8
Let f = 43 + -39. Suppose -4 = -3*v + 2. Suppose 3*k = 5*o + 36, v*k = -2*o + 17 + 7. What is the highest common factor of k and f?
4
Let c(g) = -42*g - 1. Let t be c(-1). Let w = -14 + t. Calculate the greatest common divisor of 18 and w.
9
Let i = -35 + 41. Calculate the greatest common factor of i and 66.
6
Let s = 45 + -25. Calculate the greatest common divisor of s and 10.
10
Let v = -4 - -4. Let g be (1 - v)/(4/60). Let z = g + -5. Calculate the highest common divisor of z and 20.
10
Suppose 2*m + 4*m - 408 = 0. What is the highest common divisor of 4 and m?
4
Let s(n) = -n**3 - 12*n**2 - 5*n - 16. Let h be s(-12). What is the greatest common factor of h and 4?
4
Let v = 12 - 9. Calculate the highest common factor of v and 3.
3
Let b(m) = 2*m - 5. Let j be b(6). Suppose -p = -r - 3, r + 3*p - 10 - 7 = 0. Suppose -7 = -r*u + u. Calculate the highest common factor of u and j.
7
Let m(t) = t**2 - t - 5. Let j(s) = 2*s**2 - 7*s + 3. Let r be j(5). Let a be 188/36 - 4/r. Let d be m(a). What is the highest common factor of d and 15?
15
Let s(a) = a**3 - 18*a**2 + 28. Let i be s(18). Calculate the greatest common divisor of 196 and i.
28
Let k = 2 - 0. Suppose x + k*x = 0. Suppose 31 = b - w - 2*w, x = 4*w - 12. Calculate the highest common factor of b and 8.
8
Suppose 0*k + 8 = 2*k. Suppose k*s - 13 = -2*o + 11, 5*o - s - 49 = 0. Let f be (-2)/(-3) + 148/3. Calculate the highest common factor of f and o.
10
Let l = -6 + 8. Suppose 4*k - l*k = 12. Suppose -n = -5*y - 22, 6*n - 2*n - 4*y = 24. What is the highest common divisor of n and k?
2
Suppose -4*t = -3*k + 87, 3*k + 2*k - 110 = -5*t. Calculate the greatest common factor of 10 and k.
5
Let j(a) = -4*a**2 - 1. Let b be j(-1). Let t be ((-4)/b)/(3/75). Calculate the greatest common divisor of t and 4.
4
Let i = 12 + -10. Calculate the highest common factor of 22 and i.
2
Let x(n) = n**2 - 2*n + 8. Let m be x(-6). Let y be 4*1 + (-6 - -9). Calculate the highest common factor of m and y.
7
Suppose n - 528 = -5*n. Calculate the greatest common factor of n and 11.
11
Suppose 12 = -0*m + 3*m. Suppose -m*y = -49 - 59. Let i = 27 + -18. Calculate the greatest common factor of i and y.
9
Suppose -2*d = y + 3*y - 336, -4*y - 4*d + 340 = 0. Suppose 5*s - y = -18. What is the highest common factor of 117 and s?
13
Suppose 0 = 9*q - 10*q - 3. Suppose -11 = -j + 3. Let i = j + q. Calculate the greatest common factor of 22 and i.
11
Let o = 32 + -23. What is the highest common divisor of 45 and o?
9
Suppose -3*h + 480 = 129. Let z = h + -60. Calculate the greatest common divisor of z and 19.
19
Suppose -5*b + 6*y - 2*y + 238 = 0, -4*b = -5*y - 194. Suppose 2*q - b = -v, -51 - 15 = -v + 2*q. Calculate the highest common factor of 14 and v.
14
Let s = -35 - -62. Let k = -17 + s. Calculate the greatest common factor of 80 and k.
10
Let j = 17 + -14. Suppose 0*v = j*v - k - 16, 0 = 2*k + 2. What is the highest common factor of 5 and v?
5
Let o(h) = -1 - 13 - 3*h - 1. Let m be o(-10). What is the highest common factor of m and 15?
15
Let x(g) = 2*g - 4. Let s be x(3). Let d(z) = 7*z - 1. Let f be d(-2). L